5
Let l = -57 + 46. What is the units digit of (l/((-44)/72))/((-6)/(-8))?
4
Let t(d) = d**2 + d - 20. Let a be t(-9). Let b = 36 - a. What is the tens digit of b/6*105/(-10)?
2
Suppose 0 = 5*t + 3*u - 10, -5*t - u - u + 5 = 0. What is the tens digit of (0 + t)/((-15)/2715)?
8
Let w = 157 + 735. What is the hundreds digit of w?
8
Let d(y) = y**2 + 2*y - 5. Let j be d(-4). Suppose -j*l + 84 = 18. Suppose -w - 5*i = -2*w - l, 4*w + 2*i - 22 = 0. What is the units digit of w?
3
Suppose -15*s = -23*s + 17312. What is the hundreds digit of s?
1
Let f(x) = -x**3 - 2*x + 16. Let s be f(0). Suppose 4*b + s = 8*b. What is the units digit of b?
4
Suppose -3*c - n - 6 = 0, 3*n + 1 = -3*c - 5. Let o = 35 - 37. What is the units digit of c/((-2)/o) - -5?
3
Let d(s) = 275*s - 145. What is the tens digit of d(13)?
3
Let b = 126 - -379. What is the units digit of b?
5
Let r = -44 - -149. Suppose -5*w + r = -20. What is the tens digit of w?
2
Suppose 2*j = j + 11. Let b = -6 + j. Suppose -b*x - 9 = -6*x. What is the units digit of x?
9
What is the thousands digit of 3/(27/36) - -1024?
1
What is the units digit of -7*(-393 - (-4 - -8)) + -1?
8
Suppose 2*d + 16*o = 14*o + 6156, -4*d + 12311 = 3*o. What is the units digit of d?
7
Suppose -s - 8 = -5*s. Suppose 5095 = 66*q - 4145. Suppose -5*u = s*u - q. What is the tens digit of u?
2
Suppose -z + 54 = 2*z. Let n = -63 + z. What is the units digit of (-861)/(-45) + 6/n?
9
Let c(u) = 66*u + 51. Let o be c(5). Let p = o + -134. What is the units digit of p?
7
Suppose -r = 2*r - 60. Suppose 0*x = 2*k + 3*x - 8, -5*k - 2*x = -r. Suppose k*u = -5*o - 5 + 90, -48 = -3*o - 3*u. What is the tens digit of o?
2
Let g(w) = w**3 + 26*w**2 + 11*w + 133. What is the hundreds digit of g(-20)?
3
Let n = -18 - -33. Let w be ((-192)/(-80))/(2/n). Let m = w - -7. What is the tens digit of m?
2
Suppose -3*p - 9 = 3. What is the units digit of p/(-2) - (1 + -76)?
7
Let d(r) be the third derivative of -r**5/60 - r**4/3 - r**3/3 - 3*r**2. Let o be d(6). Let k = -30 - o. What is the tens digit of k?
5
What is the units digit of (-8)/14 + 5670/147?
8
Suppose 3*c + 36 = -x + 5*c, 4*x + 5*c + 144 = 0. What is the tens digit of (-2)/2*(3 + x)?
3
Suppose 1 = 5*p - 9. Let y(s) = 17*s + 5 - 2*s + s**2 + 0*s**p. What is the tens digit of y(-16)?
2
Let m = 92 + -92. Suppose 5*f = -j - 0*f + 92, 2*j + 4*f - 190 = m. What is the tens digit of j?
9
Let v = -36 + 18. Let l = v - -20. Suppose -5*a - 2*d = -98, 2*a + l*a - d - 68 = 0. What is the tens digit of a?
1
Let p be 2/3*(3 + 216). Suppose -2*z + 2*n + 293 - 31 = 0, -z = 4*n - p. What is the tens digit of z?
3
Suppose 2*q + 4*r + 0*r = 10, 3*q - 35 = 4*r. Suppose -q*u = 311 - 995. What is the tens digit of u?
7
Let y(l) = -3*l**2 - 41*l + 15. Let b be y(-13). Suppose 155 = b*v - 40*v. What is the tens digit of v?
5
Suppose 2*c + 3 = -1, -3*o = -c - 155. Let z = o + 142. What is the hundreds digit of z?
1
Let l(f) = 3*f**2 + 3*f + 3. Let b = -13 + 18. What is the tens digit of l(b)?
9
Suppose 0 = -4*n - 10 - 22. Let a = n + 4. What is the units digit of (-2)/8*a - -1?
2
Suppose 0 = -2*f - 47 + 17. Let r be f/25 + (-6)/(-10). Suppose 9 = h - u, 2*h - 2*u + 4*u - 14 = r. What is the units digit of h?
8
Suppose -4*t - 501 = -t. Let x = 355 + t. What is the hundreds digit of x?
1
Suppose 0 = 3*a + 28*a - 5394. What is the tens digit of a?
7
Let y(c) = -4*c - 16. Let w be y(-14). Let s = w + -22. Suppose -s = -8*d + 5*d. What is the units digit of d?
6
Let d(z) = -z**3 + 9*z**2 + 22*z + 11. Suppose 4*o + 6*y - y = 45, -33 = -3*o - 3*y. What is the hundreds digit of d(o)?
1
Suppose 2210 = 27*i - 14692. What is the hundreds digit of i?
6
Let m be (-1)/(1 + 40/(-44)). Let o(p) = -6*p - 13. What is the units digit of o(m)?
3
Let b = 31 - 20. Suppose 2*v - 13*v = -b. What is the units digit of v?
1
Suppose f - 2 = -w, -w - 32 = -2*w + 5*f. Suppose w*d = 11*d - 28. Suppose -168 = 3*l - d*l. What is the tens digit of l?
4
What is the units digit of (-310)/45*3*-18?
2
Suppose 0 = -3*c + 4*o + 14 + 12, c - 12 = 3*o. Suppose 2*v = c*v. Suppose v = 4*b - 3*h - 173, -8 = -b - 3*h + 54. What is the units digit of b?
7
Let c = -57 - -101. Let j = c + 48. What is the tens digit of j?
9
Suppose -6*k = 18*k - 28488. What is the tens digit of k?
8
Let w = 116 - 113. Let h(l) = 3*l - 3. Let p be h(2). Suppose -w*f - p*i = 2*f - 318, -4 = -4*i. What is the units digit of f?
3
Suppose 5*u = -0 - 5. Let t be -2 + (0 - u) + 6. Suppose -5*p + 5*s = -115, p - 32 = -p - t*s. What is the tens digit of p?
2
Let m be ((-6)/4)/((-9)/120). Let a(n) = -2*n**2 - 3*n - 3. Let q be a(-2). Let w = m + q. What is the tens digit of w?
1
Let p(j) = 5*j + 20. Let g be p(-4). Suppose z - 20 - 92 = g. What is the units digit of z?
2
Let r(h) = h**2 + h - 22. Let x be r(-6). Suppose -4*j = x - 160. What is the tens digit of j?
3
Suppose 0 = -4*t + 5*l + 15, 4*t + l - 50 = -l. Suppose 4*y + g - 21 - 12 = 0, 4*y = 4*g + 28. Suppose y*x - t*x + 66 = 0. What is the tens digit of x?
3
Suppose -3*m - 10 = 8. Let x(r) = -r**2 - 6*r. Let z be x(m). Suppose z*y = 5*y - 60. What is the units digit of y?
2
Let j(s) = s**3 - 17*s**2 + 16*s - 5. Let u be j(16). Let i = 73 + u. What is the units digit of i?
8
Let z(f) = f**2. Let c be z(-2). Suppose 0 = -c*a + 4*t + 16, 4*a - t - 8 = a. Suppose -a*n = -4*n + 44. What is the units digit of n?
2
Let c(k) = 4*k**2 - 29*k - 20. What is the tens digit of c(-9)?
6
What is the units digit of (-4)/(10/785*-1)?
4
Let v = 428 + -154. What is the hundreds digit of v?
2
Suppose 37*z - 31*z - 18 = 0. Let a be (2 + -4)/(-2) - -33. Suppose -q + z*k = -33, -3*k + k + a = 2*q. What is the tens digit of q?
2
Suppose -5*p - 1019 = -11*d + 9*d, d = p + 517. What is the tens digit of d?
2
Suppose 0 = d - 43 - 25. Let p = -29 + d. What is the tens digit of p?
3
Let t(n) = n**2 + 7*n - 2. Let u be t(-7). Let c be (u - -3) + 6/3. Suppose 5*h + c = 3*a, 0 = -4*h - h + 15. What is the units digit of a?
6
Let c = 81 - -211. What is the tens digit of c?
9
Let b(v) = v**3 + 7*v**2 + 3*v - 1. Let f be (-2)/10 + 377/(-65). What is the units digit of b(f)?
7
Let o be (-3)/3*(1 - 11). Suppose o*i = 6*i. Suppose -2*s + 6*s - 104 = i. What is the units digit of s?
6
What is the units digit of 124/279 - (-8213)/9?
3
Suppose 5*g - 4*t + 2 = -3*t, t - 2 = -4*g. Suppose g = 7*h - 0*h - 287. What is the tens digit of h + 8/6*-3?
3
Suppose 36*c + 38010 = 57*c. What is the thousands digit of c?
1
Suppose -21*o + 6 = -18*o. What is the units digit of -134*((-9)/o)/(0 + 3)?
1
Let s be (-8)/(-20) + 68/5. Let g = s - 14. Suppose g = -b + 9 + 33. What is the tens digit of b?
4
Let m = 82 - -92. What is the hundreds digit of m?
1
Let w = 42 - -80. Suppose w = 7*z - 207. What is the units digit of z?
7
Let v(m) = -2*m**2 + 8*m - 2. Let b be v(5). Let l be ((-3)/2)/1*-2. Let n = l - b. What is the units digit of n?
5
Let l be -2*9/6 + 287. Let c be (-1)/(-5) + l/5. Let p = c + -40. What is the units digit of p?
7
Let f(i) = i**3 - 3*i**2 - 3. Let k be f(4). Let c = -9 + k. Suppose c*o - 54 = 2*o. What is the units digit of o?
7
Suppose -2*w + 8 = -d, 0*w + 3*w - 22 = 4*d. What is the hundreds digit of (3791/51)/(w/6)?
2
Suppose 18*p + 915 = 19*p - 4*s, 0 = -3*s - 9. What is the hundreds digit of p?
9
Let w(x) = 4*x**2 - 6*x - 12. Suppose -2*z + 5*z - 18 = 0. What is the tens digit of w(z)?
9
Let n be ((-12)/10)/(2/(-5)). Suppose 227 - 26 = n*k. What is the units digit of k?
7
Suppose 4 = d - 1. Suppose 3*x + 5 = -d*j + 36, 3*j - 13 = -x. Let p = 20 - x. What is the tens digit of p?
1
Suppose -572 = -5*b + 333. Suppose 0 = -4*t + b - 17. What is the units digit of t?
1
Let f = 838 - 270. What is the units digit of f?
8
Let t(q) = 3*q**2 - 21*q + 106. What is the hundreds digit of t(11)?
2
Suppose 45 = 4*y + 9. What is the units digit of (33/y)/(2/54)?
9
Suppose -2 = -t + 2. Suppose t*z - 51 = z. Suppose -n + s + z = -5, 5*s + 15 = 0. What is the tens digit of n?
1
Let g = 107 - 45. Let b be 1*g*(1 + -2). What is the units digit of b/(-4) - 18/12?
4
Let k be ((-3444)/(-49))/(1/21). Suppose -3*j - k = -9*j. What is the tens digit of j?
4
Suppose -2*x = 2*g + 8 + 8, 4*x + 5*g + 35 = 0. Let b = 0 - x. What is the units digit of b?
5
What is the units digit